{"id":322,"date":"2025-05-26T01:32:24","date_gmt":"2025-05-25T23:32:24","guid":{"rendered":"https:\/\/novy.cck-jablonec.cz\/?page_id=322"},"modified":"2025-05-26T01:32:24","modified_gmt":"2025-05-25T23:32:24","slug":"primestske-tabory","status":"publish","type":"page","link":"https:\/\/novy.cck-jablonec.cz\/?page_id=322","title":{"rendered":"P\u0159\u00edm\u011bstsk\u00e9 t\u00e1bory"},"content":{"rendered":"","protected":false},"excerpt":{"rendered":"","protected":false},"author":1,"featured_media":0,"parent":0,"menu_order":0,"comment_status":"closed","ping_status":"closed","template":"","meta":{"footnotes":""},"class_list":["post-322","page","type-page","status-publish","hentry"],"_links":{"self":[{"href":"https:\/\/novy.cck-jablonec.cz\/index.php?rest_route=\/wp\/v2\/pages\/322"}],"collection":[{"href":"https:\/\/novy.cck-jablonec.cz\/index.php?rest_route=\/wp\/v2\/pages"}],"about":[{"href":"https:\/\/novy.cck-jablonec.cz\/index.php?rest_route=\/wp\/v2\/types\/page"}],"author":[{"embeddable":true,"href":"https:\/\/novy.cck-jablonec.cz\/index.php?rest_route=\/wp\/v2\/users\/1"}],"replies":[{"embeddable":true,"href":"https:\/\/novy.cck-jablonec.cz\/index.php?rest_route=%2Fwp%2Fv2%2Fcomments&post=322"}],"version-history":[{"count":1,"href":"https:\/\/novy.cck-jablonec.cz\/index.php?rest_route=\/wp\/v2\/pages\/322\/revisions"}],"predecessor-version":[{"id":323,"href":"https:\/\/novy.cck-jablonec.cz\/index.php?rest_route=\/wp\/v2\/pages\/322\/revisions\/323"}],"wp:attachment":[{"href":"https:\/\/novy.cck-jablonec.cz\/index.php?rest_route=%2Fwp%2Fv2%2Fmedia&parent=322"}],"curies":[{"name":"wp","href":"https:\/\/api.w.org\/{rel}","templated":true}]}}