{"id":304,"date":"2025-05-26T01:26:20","date_gmt":"2025-05-25T23:26:20","guid":{"rendered":"https:\/\/novy.cck-jablonec.cz\/?page_id=304"},"modified":"2025-05-26T01:28:24","modified_gmt":"2025-05-25T23:28:24","slug":"skoleni-zamestnancu","status":"publish","type":"page","link":"https:\/\/novy.cck-jablonec.cz\/?page_id=304","title":{"rendered":"Kurz prvn\u00ed pomoci v r\u00e1mci BOZP pro firmy"},"content":{"rendered":"\n<h3 class=\"wp-block-heading\">&#8222;V\u011b\u0159\u00edme v \u017eivot a v\u011b\u0159\u00edme v \u0161ance na \u017eivot&#8220;<\/h3>\n\n\n\n<h2 class=\"wp-block-heading\">\u017divot zachra\u0148uj\u00edc\u00ed \u00fakony v&nbsp;z\u00e1kladu + specifika provozu<\/h2>\n\n\n\n<p>\u0160kolen\u00ed prvn\u00ed pomoci je jednou ze sou\u010d\u00e1st\u00ed pracovn\u011bl\u00e9ka\u0159sk\u00fdch slu\u017eeb vych\u00e1zej\u00edc\u00edch z ustanoven\u00ed \u00a753 odst. 1 z\u00e1kona \u010d. 373\/2011 Sb., O specifick\u00fdch zdravotn\u00edch slu\u017eb\u00e1ch, ve zn\u011bn\u00ed pozd\u011bj\u0161\u00edch p\u0159edpis\u016f. \u0160kolen\u00ed \u201ePrvn\u00ed pomoci podle \u00a7102, 103 z\u00e1kona \u010d. 262\/2006 Sb., z\u00e1kon\u00edku pr\u00e1ce. Sou\u010dasn\u00e9 zn\u011bn\u00ed \u00a7 103 obsahuje podrobn\u00e9 stanoven\u00ed konkr\u00e9tn\u00edch povinnost\u00ed zam\u011bstnavatele na \u00faseku bezpe\u010dnosti a ochrany zdrav\u00ed p\u0159i pr\u00e1ci v\u010detn\u011b poskytov\u00e1n\u00ed prvn\u00ed pomoci (\u00a7 103 odst. 1), kdy a v jak\u00fdch p\u0159\u00edpadech je zam\u011bstnavatel povinen tato \u0161kolen\u00ed zaji\u0161\u0165ovat (\u00a7103 odst. 2) a ostatn\u00ed podm\u00ednky, obsah, \u010detnost \u0161kolen\u00ed, veden\u00ed p\u0159\u00edslu\u0161n\u00e9 dokumentace a ov\u011b\u0159ov\u00e1n\u00ed znalost\u00ed (\u00a7 103 odst. 3).<\/p>\n\n\n\n<h2 class=\"wp-block-heading\"><strong>Jak\u00e9 m\u00e1te pot\u0159eby?<\/strong><\/h2>\n\n\n\n<ul class=\"wp-block-list\">\n<li>Sezn\u00e1mit se se z\u00e1klady prvn\u00ed pomoci<\/li>\n\n\n\n<li>V\u011bd\u011bt, co d\u011blat ne\u017e p\u0159ijede z\u00e1chranka<\/li>\n\n\n\n<li>Um\u011bt \u00fa\u010dinn\u011b pomoci druh\u00e9mu \u010dlov\u011bku<\/li>\n<\/ul>\n\n\n\n<h2 class=\"wp-block-heading\"><strong>Co V\u00e1m absolvov\u00e1n\u00ed kurzu p\u0159inese?<\/strong><\/h2>\n\n\n\n<ul class=\"wp-block-list\">\n<li>Sen\u00e1men\u00ed s\u00a0legislativou v\u00a0oblasti prvn\u00ed pomoci<\/li>\n\n\n\n<li>Znalosti \u017eivot ohro\u017euj\u00edc\u00edch stav\u016f<\/li>\n\n\n\n<li>Z\u00e1kladn\u00ed dovednosti \u017eivot zachra\u0148uj\u00edc\u00edch \u00fakon\u016f<\/li>\n\n\n\n<li>\u00a0Potvrzen\u00ed o absolvov\u00e1n\u00ed kurzu k\u00a0dokumentaci BOZP\u00a0<\/li>\n<\/ul>\n\n\n\n<h2 class=\"wp-block-heading\">Komu je kurz ur\u010den?<\/h2>\n\n\n\n<ul class=\"wp-block-list\">\n<li>Osob\u00e1m samostatn\u011b v\u00fdd\u011ble\u010dn\u011b \u010dinn\u00fdm v\u00a0r\u00e1mci BOZP<\/li>\n\n\n\n<li>Zam\u011bstnanc\u016fm firem v\u00a0r\u00e1mci BOZP<\/li>\n\n\n\n<li>Zam\u011bstnavatel\u016fm\u00a0<\/li>\n<\/ul>\n\n\n\n<p><strong>Term\u00edn, \u010das a m\u00edsto kurzu ur\u010dujete Vy.&nbsp;&nbsp;<br><\/strong>Popt\u00e1vku kurzu m\u016f\u017eete prov\u00e9st on-line registrac\u00ed, nebo p\u0159\u00edmo&nbsp;komunikovat&nbsp;s&nbsp;na\u0161\u00ed kancel\u00e1\u0159\u00ed na <a href=\"mailto:kurzy@cck-jablonec.cz\">kurzy@cck-jablonec.cz<\/a> , GSM&nbsp;732 542 934<\/p>\n\n\n\n<h2 class=\"wp-block-heading\">Dal\u0161\u00ed informace o kurzu:<\/h2>\n\n\n\n<ul class=\"wp-block-list\">\n<li>D\u00e9lka kurzu: 1,5 \u2013 5,5 hodiny<\/li>\n\n\n\n<li>Cena dle platn\u00e9ho <a href=\"https:\/\/cck-jablonec.cz\/o-nas\/prvni-pomoc\/cenik-2022\/index.html\">cen\u00edku<\/a><\/li>\n\n\n\n<li>M\u00edsto kon\u00e1n\u00ed: s\u00eddlo Va\u0161\u00ed spole\u010dnosti, nebo na\u0161e u\u010debna \u010c\u010cK<\/li>\n\n\n\n<li>Forma a po\u010det \u00fa\u010dastn\u00edk\u016f: prezen\u010dn\u00ed forma, minim\u00e1ln\u011b 6 \u00fa\u010dastn\u00edk\u016f, maxim\u00e1ln\u011b 30 \u00fa\u010dastn\u00edk\u016f\/ 1 kurz<\/li>\n\n\n\n<li>Firma obdr\u017e\u00ed potvrzen\u00ed o absolvov\u00e1n\u00ed kurzu prvn\u00ed pomoci s platnost\u00ed a\u017e na 2 roky.\u00a0(dle provozu)<\/li>\n\n\n\n<li>Mo\u017enost kontroly firemn\u00ed l\u00e9k\u00e1rni\u010dky a doporu\u010den\u00ed a zaji\u0161t\u011bn\u00ed jej\u00edho vybaven\u00ed<\/li>\n\n\n\n<li>Cena dle aktu\u00e1ln\u00edho cen\u00edku<\/li>\n<\/ul>\n","protected":false},"excerpt":{"rendered":"<p>&#8222;V\u011b\u0159\u00edme v \u017eivot a v\u011b\u0159\u00edme v \u0161ance na \u017eivot&#8220; \u017divot zachra\u0148uj\u00edc\u00ed \u00fakony v&nbsp;z\u00e1kladu + specifika provozu \u0160kolen\u00ed prvn\u00ed pomoci je jednou ze sou\u010d\u00e1st\u00ed pracovn\u011bl\u00e9ka\u0159sk\u00fdch slu\u017eeb vych\u00e1zej\u00edc\u00edch z ustanoven\u00ed \u00a753 odst. 1 z\u00e1kona \u010d. 373\/2011 Sb., O specifick\u00fdch zdravotn\u00edch slu\u017eb\u00e1ch, ve zn\u011bn\u00ed pozd\u011bj\u0161\u00edch p\u0159edpis\u016f. \u0160kolen\u00ed \u201ePrvn\u00ed pomoci podle \u00a7102, 103 z\u00e1kona \u010d. 262\/2006 Sb., z\u00e1kon\u00edku pr\u00e1ce. [&hellip;]<\/p>\n","protected":false},"author":1,"featured_media":0,"parent":0,"menu_order":0,"comment_status":"closed","ping_status":"closed","template":"","meta":{"footnotes":""},"class_list":["post-304","page","type-page","status-publish","hentry"],"_links":{"self":[{"href":"https:\/\/novy.cck-jablonec.cz\/index.php?rest_route=\/wp\/v2\/pages\/304"}],"collection":[{"href":"https:\/\/novy.cck-jablonec.cz\/index.php?rest_route=\/wp\/v2\/pages"}],"about":[{"href":"https:\/\/novy.cck-jablonec.cz\/index.php?rest_route=\/wp\/v2\/types\/page"}],"author":[{"embeddable":true,"href":"https:\/\/novy.cck-jablonec.cz\/index.php?rest_route=\/wp\/v2\/users\/1"}],"replies":[{"embeddable":true,"href":"https:\/\/novy.cck-jablonec.cz\/index.php?rest_route=%2Fwp%2Fv2%2Fcomments&post=304"}],"version-history":[{"count":2,"href":"https:\/\/novy.cck-jablonec.cz\/index.php?rest_route=\/wp\/v2\/pages\/304\/revisions"}],"predecessor-version":[{"id":307,"href":"https:\/\/novy.cck-jablonec.cz\/index.php?rest_route=\/wp\/v2\/pages\/304\/revisions\/307"}],"wp:attachment":[{"href":"https:\/\/novy.cck-jablonec.cz\/index.php?rest_route=%2Fwp%2Fv2%2Fmedia&parent=304"}],"curies":[{"name":"wp","href":"https:\/\/api.w.org\/{rel}","templated":true}]}}

Kurz první pomoci v rámci BOZP pro firmy

<h3 class="wp-block-heading">&#8222;Věříme v život a věříme v šance na život&#8220;</h3>



<h2 class="wp-block-heading">Život zachraňující úkony v&nbsp;základu + specifika provozu</h2>



<p>Školení první pomoci je jednou ze součástí pracovnělékařských služeb vycházejících z ustanovení §53 odst. 1 zákona č. 373/2011 Sb., O specifických zdravotních službách, ve znění pozdějších předpisů. Školení „První pomoci podle §102, 103 zákona č. 262/2006 Sb., zákoníku práce. Současné znění § 103 obsahuje podrobné stanovení konkrétních povinností zaměstnavatele na úseku bezpečnosti a ochrany zdraví při práci včetně poskytování první pomoci (§ 103 odst. 1), kdy a v jakých případech je zaměstnavatel povinen tato školení zajišťovat (§103 odst. 2) a ostatní podmínky, obsah, četnost školení, vedení příslušné dokumentace a ověřování znalostí (§ 103 odst. 3).</p>



<h2 class="wp-block-heading"><strong>Jaké máte potřeby?</strong></h2>



<ul class="wp-block-list">
<li>Seznámit se se základy první pomoci</li>



<li>Vědět, co dělat než přijede záchranka</li>



<li>Umět účinně pomoci druhému člověku</li>
</ul>



<h2 class="wp-block-heading"><strong>Co Vám absolvování kurzu přinese?</strong></h2>



<ul class="wp-block-list">
<li>Senámení s legislativou v oblasti první pomoci</li>



<li>Znalosti život ohrožujících stavů</li>



<li>Základní dovednosti život zachraňujících úkonů</li>



<li> Potvrzení o absolvování kurzu k dokumentaci BOZP </li>
</ul>



<h2 class="wp-block-heading">Komu je kurz určen?</h2>



<ul class="wp-block-list">
<li>Osobám samostatně výdělečně činným v rámci BOZP</li>



<li>Zaměstnancům firem v rámci BOZP</li>



<li>Zaměstnavatelům </li>
</ul>



<p><strong>Termín, čas a místo kurzu určujete Vy.&nbsp;&nbsp;<br></strong>Poptávku kurzu můžete provést on-line registrací, nebo přímo&nbsp;komunikovat&nbsp;s&nbsp;naší kanceláří na <a href="mailto:kurzy@cck-jablonec.cz">kurzy@cck-jablonec.cz</a> , GSM&nbsp;732 542 934</p>



<h2 class="wp-block-heading">Další informace o kurzu:</h2>



<ul class="wp-block-list">
<li>Délka kurzu: 1,5 – 5,5 hodiny</li>



<li>Cena dle platného <a href="https://cck-jablonec.cz/o-nas/prvni-pomoc/cenik-2022/index.html">ceníku</a></li>



<li>Místo konání: sídlo Vaší společnosti, nebo naše učebna ČČK</li>



<li>Forma a počet účastníků: prezenční forma, minimálně 6 účastníků, maximálně 30 účastníků/ 1 kurz</li>



<li>Firma obdrží potvrzení o absolvování kurzu první pomoci s platností až na 2 roky. (dle provozu)</li>



<li>Možnost kontroly firemní lékárničky a doporučení a zajištění jejího vybavení</li>



<li>Cena dle aktuálního ceníku</li>
</ul>

<p>&#8222;Věříme v život a věříme v šance na život&#8220; Život zachraňující úkony v&nbsp;základu + specifika provozu Školení první pomoci je jednou ze součástí pracovnělékařských služeb vycházejících z ustanovení §53 odst. 1 zákona č. 373/2011 Sb., O specifických zdravotních službách, ve znění pozdějších předpisů. Školení „První pomoci podle §102, 103 zákona č. 262/2006 Sb., zákoníku práce. [&hellip;]</p>
